{"id":2823,"date":"2025-03-23T13:59:21","date_gmt":"2025-03-23T12:59:21","guid":{"rendered":"https:\/\/reportify.nl\/index.php\/about\/"},"modified":"2025-03-31T19:44:13","modified_gmt":"2025-03-31T17:44:13","slug":"over-reportify","status":"publish","type":"page","link":"https:\/\/reportify.nl\/index.php\/over-reportify\/","title":{"rendered":"Over Reportify"},"content":{"rendered":"\t\t<div data-elementor-type=\"wp-page\" data-elementor-id=\"2823\" class=\"elementor elementor-2823\" data-elementor-post-type=\"page\">\n\t\t\t\t<div class=\"elementor-element elementor-element-8c49fb7 e-con-full e-flex e-con e-parent\" data-id=\"8c49fb7\" data-element_type=\"container\" data-e-type=\"container\" data-settings=\"{&quot;background_background&quot;:&quot;gradient&quot;}\">\n\t\t<div class=\"elementor-element elementor-element-1e229b2 e-con-full e-flex e-con e-child\" data-id=\"1e229b2\" data-element_type=\"container\" data-e-type=\"container\">\n\t\t\t\t<div class=\"elementor-element elementor-element-71be5fc elementor-widget__width-inherit elementor-widget-divider--view-line elementor-invisible elementor-widget elementor-widget-divider\" data-id=\"71be5fc\" data-element_type=\"widget\" data-e-type=\"widget\" data-settings=\"{&quot;_animation&quot;:&quot;fadeInLeft&quot;,&quot;_animation_delay&quot;:100}\" data-widget_type=\"divider.default\">\n\t\t\t\t<div class=\"elementor-widget-container\">\n\t\t\t\t\t\t\t<div class=\"elementor-divider\">\n\t\t\t<span class=\"elementor-divider-separator\">\n\t\t\t\t\t\t<\/span>\n\t\t<\/div>\n\t\t\t\t\t\t<\/div>\n\t\t\t\t<\/div>\n\t\t\t\t<div class=\"elementor-element elementor-element-a0ceb59 elementor-widget__width-initial elementor-widget-tablet__width-inherit elementor-widget elementor-widget-heading\" data-id=\"a0ceb59\" data-element_type=\"widget\" data-e-type=\"widget\" data-settings=\"{&quot;_animation&quot;:&quot;none&quot;,&quot;_animation_delay&quot;:100}\" data-widget_type=\"heading.default\">\n\t\t\t\t<div class=\"elementor-widget-container\">\n\t\t\t\t\t<h2 class=\"elementor-heading-title elementor-size-default\">Over Reportify<\/h2>\t\t\t\t<\/div>\n\t\t\t\t<\/div>\n\t\t<div class=\"elementor-element elementor-element-c5edd62 e-con-full e-flex e-con e-child\" data-id=\"c5edd62\" data-element_type=\"container\" data-e-type=\"container\">\n\t\t<div class=\"elementor-element elementor-element-427e7c4 e-con-full e-flex e-con e-child\" data-id=\"427e7c4\" data-element_type=\"container\" data-e-type=\"container\">\n\t\t\t\t<div class=\"elementor-element elementor-element-9da3303 elementor-widget__width-initial elementor-widget-tablet__width-inherit elementor-widget elementor-widget-text-editor\" data-id=\"9da3303\" data-element_type=\"widget\" data-e-type=\"widget\" data-widget_type=\"text-editor.default\">\n\t\t\t\t<div class=\"elementor-widget-container\">\n\t\t\t\t\t\t\t\t\t<p class=\"\" data-start=\"115\" data-end=\"299\">Reportify is een eenmanszaak met een duidelijke missie: bedrijven helpen om meer uit hun data te halen. Geen ingewikkelde trajecten, maar heldere rapportages die \u00e9cht iets opleveren.<\/p><p class=\"\" data-start=\"306\" data-end=\"572\">Vanuit mijn achtergrond in accountancy \u00e9n de sierteelt combineer ik het beste van twee werelden: inzicht in cijfers \u00e9n gevoel voor de praktijk. Ik breng structuur, overzicht en inzicht, persoonlijk, laagdrempelig en altijd afgestemd op wat jouw bedrijf nodig heeft.<\/p>\t\t\t\t\t\t\t\t<\/div>\n\t\t\t\t<\/div>\n\t\t<div class=\"elementor-element elementor-element-46a13e3 e-con-full e-flex e-con e-child\" data-id=\"46a13e3\" data-element_type=\"container\" data-e-type=\"container\">\n\t\t\t\t<div class=\"elementor-element elementor-element-5a55926 elementor-widget elementor-widget-image\" data-id=\"5a55926\" data-element_type=\"widget\" data-e-type=\"widget\" data-settings=\"{&quot;motion_fx_motion_fx_scrolling&quot;:&quot;yes&quot;,&quot;motion_fx_scale_effect&quot;:&quot;yes&quot;,&quot;motion_fx_scale_speed&quot;:{&quot;unit&quot;:&quot;px&quot;,&quot;size&quot;:2,&quot;sizes&quot;:[]},&quot;motion_fx_scale_direction&quot;:&quot;out-in&quot;,&quot;motion_fx_scale_range&quot;:{&quot;unit&quot;:&quot;%&quot;,&quot;size&quot;:&quot;&quot;,&quot;sizes&quot;:{&quot;start&quot;:20,&quot;end&quot;:80}},&quot;motion_fx_devices&quot;:[&quot;desktop&quot;,&quot;tablet&quot;,&quot;mobile&quot;]}\" data-widget_type=\"image.default\">\n\t\t\t\t<div class=\"elementor-widget-container\">\n\t\t\t\t\t\t\t\t\t\t\t\t\t\t\t<img fetchpriority=\"high\" decoding=\"async\" width=\"500\" height=\"500\" src=\"https:\/\/reportify.nl\/wp-content\/uploads\/2025\/03\/Investment-data-amico.svg\" class=\"attachment-large size-large wp-image-3291\" alt=\"\" \/>\t\t\t\t\t\t\t\t\t\t\t\t\t\t\t<\/div>\n\t\t\t\t<\/div>\n\t\t\t\t<\/div>\n\t\t\t\t<\/div>\n\t\t\t\t<\/div>\n\t\t\t\t<\/div>\n\t\t\t\t<\/div>\n\t\t<div class=\"elementor-element elementor-element-0725e32 e-flex e-con-boxed e-con e-parent\" data-id=\"0725e32\" data-element_type=\"container\" data-e-type=\"container\" data-settings=\"{&quot;background_background&quot;:&quot;classic&quot;}\">\n\t\t\t\t\t<div class=\"e-con-inner\">\n\t\t<div class=\"elementor-element elementor-element-0d7d1f2 e-con-full e-flex e-con e-child\" data-id=\"0d7d1f2\" data-element_type=\"container\" data-e-type=\"container\">\n\t\t\t\t<div class=\"elementor-element elementor-element-4c07d68 elementor-widget__width-initial elementor-widget-tablet__width-inherit elementor-widget elementor-widget-heading\" data-id=\"4c07d68\" data-element_type=\"widget\" data-e-type=\"widget\" data-widget_type=\"heading.default\">\n\t\t\t\t<div class=\"elementor-widget-container\">\n\t\t\t\t\t<h2 class=\"elementor-heading-title elementor-size-default\">Wie ben ik?<\/h2>\t\t\t\t<\/div>\n\t\t\t\t<\/div>\n\t\t\t\t<div class=\"elementor-element elementor-element-ff4d7f8 elementor-widget elementor-widget-text-editor\" data-id=\"ff4d7f8\" data-element_type=\"widget\" data-e-type=\"widget\" data-widget_type=\"text-editor.default\">\n\t\t\t\t<div class=\"elementor-widget-container\">\n\t\t\t\t\t\t\t\t\t<p class=\"\" data-start=\"767\" data-end=\"1025\"><span style=\"color: #1c244b; text-align: center;\">Hoi, ik ben christian Groen en ik ben de oprichter van Reporitfy. Inmiddels ben ik afgestudeerd en werk ik als junior business controller. Naast mijn werk blijf ik Reportify voortzetten, omdat ik een enorme passie heb voor data en wat je ermee kan bereiken. Ik geloof dat data de sleutel is om bedrijfsprocessen te verbeteren, betere beslissingen te nemen en slimmer te werken. In een wereld waar alles razendsnel digitaliseert, wil ik bedrijven laten zien hoe belangrijk data is. Met Reportify help ik organisaties alles uit hun data te halen. Geen saaie rapporten of ingewikkelde praatjes, maar praktische inzichten waar je echt iets mee kunt. Mijn doel? Bedrijven klaarstomen voor een toekomst waarin data de hoofdrol speelt<\/span><\/p>\t\t\t\t\t\t\t\t<\/div>\n\t\t\t\t<\/div>\n\t\t\t\t<\/div>\n\t\t<div class=\"elementor-element elementor-element-2d68ad4 e-con-full e-flex e-con e-child\" data-id=\"2d68ad4\" data-element_type=\"container\" data-e-type=\"container\">\n\t\t\t\t<div class=\"elementor-element elementor-element-9390e30 elementor-widget__width-initial elementor-widget-tablet__width-inherit elementor-widget elementor-widget-image\" data-id=\"9390e30\" data-element_type=\"widget\" data-e-type=\"widget\" data-widget_type=\"image.default\">\n\t\t\t\t<div class=\"elementor-widget-container\">\n\t\t\t\t\t\t\t\t\t\t\t\t\t\t\t<img decoding=\"async\" width=\"800\" height=\"800\" src=\"https:\/\/reportify.nl\/wp-content\/uploads\/2023\/12\/PF-linkedin.jpeg\" class=\"attachment-large size-large wp-image-2540\" alt=\"\" srcset=\"https:\/\/reportify.nl\/wp-content\/uploads\/2023\/12\/PF-linkedin.jpeg 800w, https:\/\/reportify.nl\/wp-content\/uploads\/2023\/12\/PF-linkedin-300x300.jpeg 300w, https:\/\/reportify.nl\/wp-content\/uploads\/2023\/12\/PF-linkedin-150x150.jpeg 150w, https:\/\/reportify.nl\/wp-content\/uploads\/2023\/12\/PF-linkedin-768x768.jpeg 768w\" sizes=\"(max-width: 800px) 100vw, 800px\" \/>\t\t\t\t\t\t\t\t\t\t\t\t\t\t\t<\/div>\n\t\t\t\t<\/div>\n\t\t\t\t<\/div>\n\t\t\t\t\t<\/div>\n\t\t\t\t<\/div>\n\t\t<div class=\"elementor-element elementor-element-6850a54 e-flex e-con-boxed e-con e-parent\" data-id=\"6850a54\" data-element_type=\"container\" data-e-type=\"container\" data-settings=\"{&quot;background_background&quot;:&quot;classic&quot;}\">\n\t\t\t\t\t<div class=\"e-con-inner\">\n\t\t<div class=\"elementor-element elementor-element-6b04cf1 e-con-full e-flex e-con e-child\" data-id=\"6b04cf1\" data-element_type=\"container\" data-e-type=\"container\">\n\t\t\t\t<div class=\"elementor-element elementor-element-47e31fe elementor-widget__width-initial elementor-widget-tablet__width-inherit elementor-widget elementor-widget-heading\" data-id=\"47e31fe\" data-element_type=\"widget\" data-e-type=\"widget\" data-widget_type=\"heading.default\">\n\t\t\t\t<div class=\"elementor-widget-container\">\n\t\t\t\t\t<h2 class=\"elementor-heading-title elementor-size-default\">Mijn achtergrond en interesses<\/h2>\t\t\t\t<\/div>\n\t\t\t\t<\/div>\n\t\t\t\t<div class=\"elementor-element elementor-element-b2307d3 elementor-widget elementor-widget-text-editor\" data-id=\"b2307d3\" data-element_type=\"widget\" data-e-type=\"widget\" data-widget_type=\"text-editor.default\">\n\t\t\t\t<div class=\"elementor-widget-container\">\n\t\t\t\t\t\t\t\t\t<p>Ik ben altijd al ge\u00efnteresseerd geweest in technologie, data en hoe je die kunt gebruiken om processen slimmer en effici\u00ebnter te maken. Tijdens mijn studie ontdekte ik dat het vakgebied business intelligence perfect aansluit bij wat ik leuk vind: werken met data en bedrijven helpen groeien. Daarnaast vind ik het leuk en uitdagend om bij bedrijven over de vloer te komen en te sparren met stakeholders. Inmiddels werk ik als junior business controller en blijf ik Reportify daarnaast met veel plezier doen. Voor mij is het de perfecte manier om mijn passie voor data en innovatie in de praktijk te halen.<\/p>\t\t\t\t\t\t\t\t<\/div>\n\t\t\t\t<\/div>\n\t\t\t\t<\/div>\n\t\t<div class=\"elementor-element elementor-element-bffed69 e-con-full e-flex e-con e-child\" data-id=\"bffed69\" data-element_type=\"container\" data-e-type=\"container\">\n\t\t\t\t<div class=\"elementor-element elementor-element-6d445ac elementor-widget elementor-widget-image\" data-id=\"6d445ac\" data-element_type=\"widget\" data-e-type=\"widget\" data-settings=\"{&quot;motion_fx_motion_fx_scrolling&quot;:&quot;yes&quot;,&quot;motion_fx_scale_effect&quot;:&quot;yes&quot;,&quot;motion_fx_scale_speed&quot;:{&quot;unit&quot;:&quot;px&quot;,&quot;size&quot;:2,&quot;sizes&quot;:[]},&quot;motion_fx_scale_direction&quot;:&quot;out-in&quot;,&quot;motion_fx_scale_range&quot;:{&quot;unit&quot;:&quot;%&quot;,&quot;size&quot;:&quot;&quot;,&quot;sizes&quot;:{&quot;start&quot;:20,&quot;end&quot;:80}},&quot;motion_fx_devices&quot;:[&quot;desktop&quot;,&quot;tablet&quot;,&quot;mobile&quot;]}\" data-widget_type=\"image.default\">\n\t\t\t\t<div class=\"elementor-widget-container\">\n\t\t\t\t\t\t\t\t\t\t\t\t\t\t\t<img decoding=\"async\" width=\"500\" height=\"500\" src=\"https:\/\/reportify.nl\/wp-content\/uploads\/2025\/03\/Visionary-technology-amico.svg\" class=\"attachment-large size-large wp-image-3320\" alt=\"\" \/>\t\t\t\t\t\t\t\t\t\t\t\t\t\t\t<\/div>\n\t\t\t\t<\/div>\n\t\t\t\t<\/div>\n\t\t\t\t\t<\/div>\n\t\t\t\t<\/div>\n\t\t<div class=\"elementor-element elementor-element-2f67189 e-flex e-con-boxed e-con e-parent\" data-id=\"2f67189\" data-element_type=\"container\" data-e-type=\"container\" data-settings=\"{&quot;background_background&quot;:&quot;classic&quot;}\">\n\t\t\t\t\t<div class=\"e-con-inner\">\n\t\t<div class=\"elementor-element elementor-element-9d701d7 e-con-full e-flex e-con e-child\" data-id=\"9d701d7\" data-element_type=\"container\" data-e-type=\"container\">\n\t\t\t\t<div class=\"elementor-element elementor-element-c04e8ae elementor-widget__width-initial elementor-widget-tablet__width-inherit elementor-widget elementor-widget-heading\" data-id=\"c04e8ae\" data-element_type=\"widget\" data-e-type=\"widget\" data-widget_type=\"heading.default\">\n\t\t\t\t<div class=\"elementor-widget-container\">\n\t\t\t\t\t<h2 class=\"elementor-heading-title elementor-size-default\">Hoe ik Werk<\/h2>\t\t\t\t<\/div>\n\t\t\t\t<\/div>\n\t\t\t\t<div class=\"elementor-element elementor-element-747fb45 elementor-widget elementor-widget-text-editor\" data-id=\"747fb45\" data-element_type=\"widget\" data-e-type=\"widget\" data-widget_type=\"text-editor.default\">\n\t\t\t\t<div class=\"elementor-widget-container\">\n\t\t\t\t\t\t\t\t\t<p>Ik geloof dat een goede samenwerking begint met een helder en eerlijk gesprek. Daarom start elk project met een kennismaking, waarin we jouw uitdagingen en doelen bespreken. Wat wil je bereiken? Welke processen kunnen slimmer of beter? Daarna ga ik aan de slag met het verzamelen en analyseren van de data. Ik zorg ervoor dat alles overzichtelijk en begrijpelijk wordt gepresenteerd. Geen onnodige complexe dashboards, maar oplossingen die je direct kunt toepassen. De gegevens die jij wilt zien worden op een presenteer blaadje geserveerd in een mooi ontwerp. Tijdens het hele proces houd ik nauw contact, zodat je precies weet wat ik doe en hoe het project verloopt. Het is mijn doel om niet alleen een eindproduct op te leveren, maar ook om je meer vertrouwen te geven in het gebruik van data binnen je bedrijf. Met als uiteindelijke doel toewerken naar een data-gedreven en daarmee verbonden winstgevende organisatie<\/p>\t\t\t\t\t\t\t\t<\/div>\n\t\t\t\t<\/div>\n\t\t\t\t<\/div>\n\t\t<div class=\"elementor-element elementor-element-7f41e59 e-con-full e-flex e-con e-child\" data-id=\"7f41e59\" data-element_type=\"container\" data-e-type=\"container\">\n\t\t\t\t<div class=\"elementor-element elementor-element-c188759 elementor-widget elementor-widget-image\" data-id=\"c188759\" data-element_type=\"widget\" data-e-type=\"widget\" data-settings=\"{&quot;motion_fx_motion_fx_scrolling&quot;:&quot;yes&quot;,&quot;motion_fx_scale_effect&quot;:&quot;yes&quot;,&quot;motion_fx_scale_speed&quot;:{&quot;unit&quot;:&quot;px&quot;,&quot;size&quot;:2,&quot;sizes&quot;:[]},&quot;motion_fx_scale_direction&quot;:&quot;out-in&quot;,&quot;motion_fx_scale_range&quot;:{&quot;unit&quot;:&quot;%&quot;,&quot;size&quot;:&quot;&quot;,&quot;sizes&quot;:{&quot;start&quot;:20,&quot;end&quot;:80}},&quot;motion_fx_devices&quot;:[&quot;desktop&quot;,&quot;tablet&quot;,&quot;mobile&quot;]}\" data-widget_type=\"image.default\">\n\t\t\t\t<div class=\"elementor-widget-container\">\n\t\t\t\t\t\t\t\t\t\t\t\t\t\t\t<img loading=\"lazy\" decoding=\"async\" width=\"500\" height=\"500\" src=\"https:\/\/reportify.nl\/wp-content\/uploads\/2025\/03\/Project-Stages-amico.svg\" class=\"attachment-large size-large wp-image-3321\" alt=\"\" \/>\t\t\t\t\t\t\t\t\t\t\t\t\t\t\t<\/div>\n\t\t\t\t<\/div>\n\t\t\t\t<\/div>\n\t\t\t\t\t<\/div>\n\t\t\t\t<\/div>\n\t\t<div class=\"elementor-element elementor-element-546a19a e-con-full e-flex e-con e-parent\" data-id=\"546a19a\" data-element_type=\"container\" data-e-type=\"container\">\n\t\t\t\t<div class=\"elementor-element elementor-element-a21c954 elementor-widget elementor-widget-heading\" data-id=\"a21c954\" data-element_type=\"widget\" data-e-type=\"widget\" data-widget_type=\"heading.default\">\n\t\t\t\t<div class=\"elementor-widget-container\">\n\t\t\t\t\t<h2 class=\"elementor-heading-title elementor-size-default\">Van cijfers naar actie \u2013 ontdek wat er echt speelt in jouw bedrijf<\/h2>\t\t\t\t<\/div>\n\t\t\t\t<\/div>\n\t\t\t\t<div class=\"elementor-element elementor-element-5757694 elementor-widget elementor-widget-spacer\" data-id=\"5757694\" data-element_type=\"widget\" data-e-type=\"widget\" data-widget_type=\"spacer.default\">\n\t\t\t\t<div class=\"elementor-widget-container\">\n\t\t\t\t\t\t\t<div class=\"elementor-spacer\">\n\t\t\t<div class=\"elementor-spacer-inner\"><\/div>\n\t\t<\/div>\n\t\t\t\t\t\t<\/div>\n\t\t\t\t<\/div>\n\t\t\t\t<div class=\"elementor-element elementor-element-816922e elementor-align-center elementor-invisible elementor-widget elementor-widget-button\" data-id=\"816922e\" data-element_type=\"widget\" data-e-type=\"widget\" data-settings=\"{&quot;_animation&quot;:&quot;fadeInDown&quot;}\" data-widget_type=\"button.default\">\n\t\t\t\t<div class=\"elementor-widget-container\">\n\t\t\t\t\t\t\t\t\t<div class=\"elementor-button-wrapper\">\n\t\t\t\t\t<a class=\"elementor-button elementor-button-link elementor-size-sm\" href=\"https:\/\/reportify.nl\/index.php\/contact\/\">\n\t\t\t\t\t\t<span class=\"elementor-button-content-wrapper\">\n\t\t\t\t\t\t\t\t\t<span class=\"elementor-button-text\">Contact<\/span>\n\t\t\t\t\t<\/span>\n\t\t\t\t\t<\/a>\n\t\t\t\t<\/div>\n\t\t\t\t\t\t\t\t<\/div>\n\t\t\t\t<\/div>\n\t\t\t\t<\/div>\n\t\t\t\t<\/div>\n\t\t","protected":false},"excerpt":{"rendered":"<p>Over Reportify Reportify is een eenmanszaak met een duidelijke missie: bedrijven helpen om meer uit hun data te halen. Geen ingewikkelde trajecten, maar heldere rapportages die \u00e9cht iets opleveren. Vanuit mijn achtergrond in accountancy \u00e9n de sierteelt combineer ik het beste van twee werelden: inzicht in cijfers \u00e9n gevoel voor de praktijk. Ik breng structuur, [&hellip;]<\/p>\n","protected":false},"author":1,"featured_media":0,"parent":0,"menu_order":0,"comment_status":"closed","ping_status":"closed","template":"elementor_header_footer","meta":{"footnotes":""},"class_list":["post-2823","page","type-page","status-publish","hentry"],"_links":{"self":[{"href":"https:\/\/reportify.nl\/index.php\/wp-json\/wp\/v2\/pages\/2823","targetHints":{"allow":["GET"]}}],"collection":[{"href":"https:\/\/reportify.nl\/index.php\/wp-json\/wp\/v2\/pages"}],"about":[{"href":"https:\/\/reportify.nl\/index.php\/wp-json\/wp\/v2\/types\/page"}],"author":[{"embeddable":true,"href":"https:\/\/reportify.nl\/index.php\/wp-json\/wp\/v2\/users\/1"}],"replies":[{"embeddable":true,"href":"https:\/\/reportify.nl\/index.php\/wp-json\/wp\/v2\/comments?post=2823"}],"version-history":[{"count":41,"href":"https:\/\/reportify.nl\/index.php\/wp-json\/wp\/v2\/pages\/2823\/revisions"}],"predecessor-version":[{"id":3373,"href":"https:\/\/reportify.nl\/index.php\/wp-json\/wp\/v2\/pages\/2823\/revisions\/3373"}],"wp:attachment":[{"href":"https:\/\/reportify.nl\/index.php\/wp-json\/wp\/v2\/media?parent=2823"}],"curies":[{"name":"wp","href":"https:\/\/api.w.org\/{rel}","templated":true}]}}